6
Let o(r) = r**3 + 8*r**2 + 10*r - 8. Give o(-5).
17
Let c(z) = 48*z + 17. Calculate c(-1).
-31
Let v(r) = -r - 5. Calculate v(-11).
6
Let a(k) = k**3 + 4*k**2 + 11*k + 10. Give a(-4).
-34
Let m(v) = v + 25. What is m(-27)?
-2
Let u(l) = l**3 + 3*l**2 + 6*l - 4. Give u(-3).
-22
Let d(l) = -l**2 + 7*l + 15. Give d(7).
15
Let p(g) = -g**3 + 5*g**2 + 5*g - 23. Calculate p(3).
10
Let o(d) = -d**3 + 2*d**2 + 2*d + 6. Give o(5).
-59
Let n(d) = -d**2 - 43*d - 41. Determine n(-42).
1
Let f(t) = -t + 37. Calculate f(-7).
44
Let w(o) = -3*o**2 - 3*o - 3. Calculate w(-1).
-3
Let s(o) = o**2 + 6*o + 2. What is s(-7)?
9
Let n(x) = -8*x - 134. Determine n(-15).
-14
Let q(t) = 34*t + 106. Calculate q(-3).
4
Let v(n) = -7*n + 45. Determine v(6).
3
Let t(v) = -v**3 + 23*v**2 - v + 31. Determine t(23).
8
Let g(j) = 5*j - 14. What is g(2)?
-4
Let l(j) = 3*j + 16. What is l(-11)?
-17
Let j(m) = -m**3 + 7*m**2 + 7*m + 5. Determine j(7).
54
Let q(y) = -y**2 - 13*y - 16. Determine q(-12).
-4
Let x(b) = -16*b + 74. Calculate x(6).
-22
Let p(u) = u**3 + 8*u**2 + 13*u - 10. What is p(-5)?
0
Let i(c) = 52*c**3 + 4*c - 3. Determine i(1).
53
Let d(z) = -z**2 + 11*z + 8. What is d(13)?
-18
Let p(o) = o**3 + 15*o**2 - 76*o - 2. What is p(-19)?
-2
Let a(f) = f**3 + 16*f**2 - 55*f + 33. Calculate a(-19).
-5
Let i(m) = -m + 51. Determine i(10).
41
Let b(k) = -71*k - 359. What is b(-5)?
-4
Let w(k) = k**3 - 17*k**2 - 39*k - 36. Calculate w(19).
-55
Let l(v) = -v**2 - 5*v - 16. Determine l(-9).
-52
Let l(n) = -n - 2. Calculate l(-2).
0
Let x(o) = -o**3 - 5*o**2 - 2*o + 6. Calculate x(-4).
-2
Let j(n) = -2*n**2 + 9*n - 11. Give j(6).
-29
Let m(k) = 9*k**2 - 9*k + 6. Determine m(4).
114
Let s(w) = w**3 + 16*w**2 - 7. Give s(-16).
-7
Let k(y) = 2*y - 4. Give k(2).
0
Let m(t) = t**2 + 15*t + 23. What is m(-10)?
-27
Let n(w) = 3*w - 113. What is n(21)?
-50
Let d(t) = t**3 - 9*t**2 - 11. What is d(9)?
-11
Let x(r) = 3*r + 14. What is x(-2)?
8
Let n(l) = -l**2 + l + 13. Calculate n(7).
-29
Let o(a) = a**2 + 22*a - 28. What is o(-23)?
-5
Let i(l) = -2*l**3 - l**2 - l. Give i(-1).
2
Let w(j) = j**3 + 13*j**2 + 18. What is w(-13)?
18
Let p(s) = -6*s + 185. Give p(32).
-7
Let t(z) = z**2 - 14*z - 97. Give t(18).
-25
Let c(d) = -2*d + 3. Give c(0).
3
Let z(n) = 2*n + 48. Give z(-16).
16
Let l(w) = -w**3 + 21*w**2 - 2*w + 23. Calculate l(21).
-19
Let u(l) = -l**3 + l**2 + 4*l + 2. Give u(-2).
6
Let r(t) = 15*t**2 - 3*t - 3. Determine r(-3).
141
Let n(z) = z**2 + z + 15. Calculate n(0).
15
Let h(r) = 3*r**3 - 4*r**2 + r + 2. Calculate h(3).
50
Let t(i) = i**3 + 13*i**2 - 13*i - 22. Give t(-14).
-36
Let y(r) = -r**3 - 17*r**2 - 17*r + 6. Determine y(-16).
22
Let w(t) = -3*t**2 - 17*t - 2. What is w(-7)?
-30
Let d(y) = 20*y + 103. Calculate d(-5).
3
Let f(n) = 29*n + 2. Determine f(-4).
-114
Let i(k) = -16*k + 37. Calculate i(2).
5
Let i(y) = y**2 + 23*y - 66. Calculate i(-26).
12
Let o(i) = -i - 6. Calculate o(-15).
9
Let s(k) = -k + 30. Calculate s(11).
19
Let d(h) = -2*h**3 - 4*h**2 - 30*h - 51. Give d(-2).
9
Let l(h) = h**3 + 13*h**2 + 32*h - 20. Determine l(-9).
16
Let f(p) = -9*p - 6. Calculate f(4).
-42
Let i(m) = -m**2 + 11*m - 9. Give i(10).
1
Let r(x) = -x**3 - 12*x**2 - 10*x + 13. Calculate r(-11).
2
Let o(h) = h**3 + 9*h**2 + 9*h - 1. What is o(-8)?
-9
Let j(y) = -y**2 - 3*y - 10. Calculate j(0).
-10
Let j(i) = -i**3 + 7*i**2 + 5*i - 6. Give j(5).
69
Let f(t) = 48*t. Give f(1).
48
Let d(n) = -n**2 + 3*n - 11. What is d(5)?
-21
Let s(u) = u**2 - 3*u - 12. Calculate s(5).
-2
Let k(o) = -2*o**2 - 24. Calculate k(7).
-122
Let u(d) = 2*d - 18. Give u(-10).
-38
Let f(j) = j**3 + 27*j**2 + 25*j - 14. Determine f(-26).
12
Let g(z) = -z**3 - 15*z**2 - 12*z + 17. Give g(-14).
-11
Let l(x) = 3*x - 40. Give l(16).
8
Let u(a) = -a**3 + 4*a**2 - a. Determine u(3).
6
Let f(x) = x**2 + 5*x - 11. Calculate f(-7).
3
Let t(q) = q**2 - 13*q - 10. What is t(8)?
-50
Let x(y) = y + 5. What is x(-4)?
1
Let w(y) = y**3 - 8*y**2 - 8*y + 20. What is w(6)?
-100
Let u(o) = -71*o**2 + o + 2. What is u(-1)?
-70
Let l(p) = p**2 - 5*p + 11. Calculate l(8).
35
Let x(b) = 18*b - 4. Give x(-1).
-22
Let q(y) = -2*y - 30. Determine q(0).
-30
Let u(f) = -f**3 + 2*f**2 + 10*f + 8. Give u(5).
-17
Let x(c) = -c**2 + 8*c - 3. Give x(8).
-3
Let t(u) = -u + 13. Determine t(8).
5
Let r(y) = y - 24. What is r(-10)?
-34
Let j(n) = n**2 + 17*n + 13. Determine j(-17).
13
Let u(m) = m**3 + 6*m**2 - 14*m - 17. Give u(-8).
-33
Let g(x) = -x**3 + 8*x**2 - 12*x + 15. Determine g(6).
15
Let s(p) = -p**3 - 18*p**2 + 5*p + 96. What is s(-18)?
6
Let g(o) = -o**2 - 6*o - 9. Determine g(-5).
-4
Let l(v) = v**3 + 14*v**2 + 13*v - 16. Calculate l(-13).
-16
Let b(n) = -n**3 - 7*n**2 + 9*n + 11. Give b(-9).
92
Let i(b) = 13*b**2 - 4*b - 4. Determine i(-1).
13
Let s(q) = 2*q**3 + 7*q**2 - 9*q - 1. Calculate s(-6).
-127
Let o(r) = -r - 7. Calculate o(-7).
0
Let u(k) = -k**2 + 5*k + 1. Determine u(4).
5
Let y(u) = u**3 + 8*u**2 + 8*u + 7. Give y(-7).
0
Let n(a) = 5*a - 2. Calculate n(2).
8
Let s(d) = -26*d**2 + 1. Give s(1).
-25
Let u(y) = y**2 + 2*y - 17. Determine u(-7).
18
Let c(g) = g**3 + g**2 + 3*g + 3. Give c(-2).
-7
Let c(n) = -3*n. What is c(-10)?
30
Let c(f) = f**3 + 3*f**2 - f. Determine c(-5).
-45
Let a(h) = h**2 - 6*h - 3. Determine a(-6).
69
Let f(m) = 3*m**2 - 24*m - 10. Give f(9).
17
Let n(h) = h**3 + h**2 + h - 2. Determine n(0).
-2
Let y(t) = t**3 - 7*t**2 - t + 6. What is y(7)?
-1
Let n(s) = 3*s**3 + 69*s**2 - 73*s - 29. Calculate n(-24).
-5
Let l(z) = 3*z + 40. Calculate l(-21).
-23
Let y(h) = h**3 - 15*h**2 + 13*h + 11. What is y(14)?
-3
Let v(o) = 18*o - 2. Give v(-1).
-20
Let r(b) = -4*b**3 + 4*b**2 + 5*b + 4. Give r(3).
-53
Let j(p) = 4*p + 32. Calculate j(7).
60
Let s(x) = -x**3 + 7*x**2 - 7*x - 7. Give s(6).
-13
Let z(a) = -2*a - 21. Calculate z(-9).
-3
Let u(v) = -3*v**2 + 9*v - 15. What is u(3)?
-15
Let s(z) = -z**2 + 5*z + 8. Determine s(8).
-16
Let u(v) = -3*v**2 + 13*v + 5. Give u(7).
-51
Let r(m) = -m + 1. Determine r(3).
-2
Let u(d) = d**2 + 4*d - 3. Determine u(-5).
2
Let p(a) = -a**2 + 16*a - 56. Calculate p(9).
7
Let h(k) = k - 9. Determine h(3).
-6
Let p(o) = 26*o + 588. Give p(-23).
-10
Let k(t) = 15*t**3 - 2*t**2 + t. Calculate k(1).
14
Let i(j) = -j + 1. Give i(12).
-11
Let j(n) = n**2 - 7*n - 63. Determine j(12).
-3
Let w(a) = 6*a - 29. What is w(-17)?
-131
Let o(i) = -i**2 + 9*i + 5. Give o(7).
19
Let l(c) = -c**3 + 12*c**2 - 14*c + 9. Determine l(10).
69
Let q(a) = -2*a**2 + 24*a - 2. What is q(13)?
-28
Let o(k) = -11*k**2 - 4*k - 6. Calculate o(-3).
-93
Let r(w) = 3*w**2 + 24*w + 13. Determine r(-8).
13
Let i(y) = -y**3 + 28*y**2 - 28*y + 18. Give i(27).
-9
Let u(d) = d**2 - 13*d - 21. What is u(15)?
9
Let d(l) = -l - 5. Give d(-8).
3
Let m(d) = 4*d - 34. What is m(14)?
22
Let n(y) = y**2 - y + 2. Determine n(3).
8
Let c(q) = q**3 - 10*q**2 + 12*q + 6. Calculate c(7).
-57
Let p(u) = 6*u + 196. Determine p(-38).
-32
Let i(f) = -f - 9. Determine i(-6).
-3
Let y(r) = -2*r**2 + 2*r + 2. Calculate y(-3).
-22
Let b(r) = -r**3 - 9*r**2 + 2*r - 4. What is b(-9)?
-22
Let x(n) = -n**3 + 2*n**2 - 5*n - 1. Calculate x(4).
-53
Let s(w) = w**3 - 6*w**2 - 7*w + 4. Calculate s(7).
4
Let j(x) = 4*x + 24. What is j(-4)?
8
Let g(y) = y**3 + 22*y**2 - 48*y + 8. Calculate g(-24).
8
Let y(d) = 3*d**2 - 4*d + 38. What is y(6)?
122
Let r(c) = 8*c - 77. Give r(6).
-29
Let x(h) = -h**3 - 5*h**2 - 4*h + 2. Calculate x(-4).
2
Let q(u) = u**3 - 8*u**2 + 5*u - 4. What is q(5)?
-54
Let d(p) = p**2 - 3*p + 12. What is d(2)?
10
Let j(r) = -2*r**2 + 14*r + 2. Calculate j(7).
2
Let p(y) = 14*y + 1. Give p(3).
43
Let w(v) = -5*v + 32. Give w(6).
2
Let a(c) = -c**3 + 7*c**2 + 5*c + 11. Determine a(-3).
86
Let j(t) = 7*t - 83. What is j(11)?
-6
Let o(c) = c**3 - 3*c**2 - 3*c + 1. Determine o(3).
-8
Let b(q) = -q**2 + 12*q - 1. Determine b(9).
26
Let v(c) = c - 30. Determine v(0).
-30
Let h(d) = 3*d**2 - 4*d + 3. Give h(2).
7
Let y(x) = x**3 - 9*x**2 + 10*x - 6. Calculate y(8).
10
Let o(a) = a**3 - 15*a**2 + a - 4. Determine o(15).
11
Let a(t) = 2*t + 2. Give a(18).
38
Let h(n) = -2*n**2 - 66*n - 34. What is h(-32)?
30
Let i(p) = p**3 - 4*p**2 - 8*p - 1. Calculate i(6).
23
Let q(h) = h**2 + h + 5. Determine q(-5).
25
Let v(m) = -4*m - 34.